{"id":435,"date":"2018-03-14T20:30:49","date_gmt":"2018-03-14T19:30:49","guid":{"rendered":"http:\/\/action-allaitement67.fr\/?page_id=435"},"modified":"2018-03-14T20:31:06","modified_gmt":"2018-03-14T19:31:06","slug":"conservation-du-lait","status":"publish","type":"page","link":"https:\/\/action-allaitement67.fr\/?page_id=435","title":{"rendered":"conservation du lait"},"content":{"rendered":"<p>La dur\u00e9e de conservation\u00a0varie :<\/p>\n<p>&#8211;\u00a0\u00a0\u00a0\u00a0Lait gard\u00e9 \u00e0 temp\u00e9rature ambiante : 12 \u00e0 24 heures pour le colostrum, 6 \u00e0 10 heures pour le lait mature.<\/p>\n<p>&#8211;\u00a0\u00a0\u00a0\u00a0Lait mature r\u00e9frig\u00e9r\u00e9 : 48 heures<\/p>\n<p>&#8211;\u00a0\u00a0\u00a0\u00a0Lait mature congel\u00e9 :<\/p>\n<p>2 semaines dans un compartiment cong\u00e9lation situ\u00e9 \u00e0 l\u2019int\u00e9rieur d\u2019un r\u00e9frig\u00e9rateur<\/p>\n<p>3 \u00e0 4 mois dans une unit\u00e9-cong\u00e9lation autonome situ\u00e9e sur ou sous le r\u00e9frig\u00e9rateur, et dont la porte est souvent ouverte<\/p>\n<p>6 mois ou plus dans un cong\u00e9lateur s\u00e9par\u00e9, avec temp\u00e9rature de cong\u00e9lation stable.<\/p>\n","protected":false},"excerpt":{"rendered":"<p>La dur\u00e9e de conservation\u00a0varie : &#8211;\u00a0\u00a0\u00a0\u00a0Lait gard\u00e9 \u00e0 temp\u00e9rature ambiante : 12 \u00e0 24 heures pour le colostrum, 6 \u00e0 10 heures pour le lait mature. &#8211;\u00a0\u00a0\u00a0\u00a0Lait mature r\u00e9frig\u00e9r\u00e9 : 48 heures &#8211;\u00a0\u00a0\u00a0\u00a0Lait mature congel\u00e9 : 2 semaines dans un compartiment cong\u00e9lation situ\u00e9 \u00e0 l\u2019int\u00e9rieur d\u2019un r\u00e9frig\u00e9rateur 3 \u00e0 4 mois dans une unit\u00e9-cong\u00e9lation autonome [&hellip;]<\/p>\n","protected":false},"author":1,"featured_media":0,"parent":0,"menu_order":0,"comment_status":"closed","ping_status":"closed","template":"","meta":{"footnotes":""},"_links":{"self":[{"href":"https:\/\/action-allaitement67.fr\/index.php?rest_route=\/wp\/v2\/pages\/435"}],"collection":[{"href":"https:\/\/action-allaitement67.fr\/index.php?rest_route=\/wp\/v2\/pages"}],"about":[{"href":"https:\/\/action-allaitement67.fr\/index.php?rest_route=\/wp\/v2\/types\/page"}],"author":[{"embeddable":true,"href":"https:\/\/action-allaitement67.fr\/index.php?rest_route=\/wp\/v2\/users\/1"}],"replies":[{"embeddable":true,"href":"https:\/\/action-allaitement67.fr\/index.php?rest_route=%2Fwp%2Fv2%2Fcomments&post=435"}],"version-history":[{"count":1,"href":"https:\/\/action-allaitement67.fr\/index.php?rest_route=\/wp\/v2\/pages\/435\/revisions"}],"predecessor-version":[{"id":436,"href":"https:\/\/action-allaitement67.fr\/index.php?rest_route=\/wp\/v2\/pages\/435\/revisions\/436"}],"wp:attachment":[{"href":"https:\/\/action-allaitement67.fr\/index.php?rest_route=%2Fwp%2Fv2%2Fmedia&parent=435"}],"curies":[{"name":"wp","href":"https:\/\/api.w.org\/{rel}","templated":true}]}}

<p>La durée de conservation varie :</p>
<p>&#8211;    Lait gardé à température ambiante : 12 à 24 heures pour le colostrum, 6 à 10 heures pour le lait mature.</p>
<p>&#8211;    Lait mature réfrigéré : 48 heures</p>
<p>&#8211;    Lait mature congelé :</p>
<p>2 semaines dans un compartiment congélation situé à l’intérieur d’un réfrigérateur</p>
<p>3 à 4 mois dans une unité-congélation autonome située sur ou sous le réfrigérateur, et dont la porte est souvent ouverte</p>
<p>6 mois ou plus dans un congélateur séparé, avec température de congélation stable.</p>

<p>La durée de conservation varie : &#8211;    Lait gardé à température ambiante : 12 à 24 heures pour le colostrum, 6 à 10 heures pour le lait mature. &#8211;    Lait mature réfrigéré : 48 heures &#8211;    Lait mature congelé : 2 semaines dans un compartiment congélation situé à l’intérieur d’un réfrigérateur 3 à 4 mois dans une unité-congélation autonome [&hellip;]</p>
