{"id":102,"date":"2017-07-06T15:30:49","date_gmt":"2017-07-06T13:30:49","guid":{"rendered":"http:\/\/action-allaitement67.fr\/?page_id=102"},"modified":"2026-01-12T22:12:54","modified_gmt":"2026-01-12T21:12:54","slug":"association-action-pour-lallaitement","status":"publish","type":"page","link":"https:\/\/action-allaitement67.fr\/?page_id=102","title":{"rendered":"Association Action pour l&rsquo;allaitement"},"content":{"rendered":"<div class=\"art-content-layout layout-item-0\">\n<div class=\"art-content-layout-row\">\n<div class=\"art-layout-cell\" style=\"width: 100%;\">\n<p><img decoding=\"async\" loading=\"lazy\" class=\"wp-image-191 alignleft\" src=\"http:\/\/action-allaitement67.fr\/wp-content\/uploads\/2017\/08\/logo-apa.jpg\" alt=\"\" width=\"183\" height=\"248\" \/><\/p>\n<p style=\"text-align: center;\">\n<p style=\"text-align: center;\">Action pour l\u2019Allaitement est une association<\/p>\n<p style=\"text-align: center;\">de droit local, sans but lucratif, fond\u00e9e<\/p>\n<p style=\"text-align: center;\">en 1984, inscrite au Registre des<\/p>\n<p style=\"text-align: center;\">Associations du tribunal de Strasbourg.<\/p>\n<p style=\"text-align: center;\">L&rsquo;association est compos\u00e9e de b\u00e9n\u00e9voles,<\/p>\n<p style=\"text-align: center;\">suivi une formation sp\u00e9cifique \u00e0 l\u2019allaitement<\/p>\n<p style=\"text-align: center;\">maternel.<\/p>\n<\/div>\n<\/div>\n<\/div>\n","protected":false},"excerpt":{"rendered":"<p>Action pour l\u2019Allaitement est une association de droit local, sans but lucratif, fond\u00e9e en 1984, inscrite au Registre des Associations du tribunal de Strasbourg. L&rsquo;association est compos\u00e9e de b\u00e9n\u00e9voles, suivi une formation sp\u00e9cifique \u00e0 l\u2019allaitement maternel.<\/p>\n","protected":false},"author":1,"featured_media":0,"parent":0,"menu_order":2,"comment_status":"closed","ping_status":"closed","template":"","meta":{"footnotes":""},"_links":{"self":[{"href":"https:\/\/action-allaitement67.fr\/index.php?rest_route=\/wp\/v2\/pages\/102"}],"collection":[{"href":"https:\/\/action-allaitement67.fr\/index.php?rest_route=\/wp\/v2\/pages"}],"about":[{"href":"https:\/\/action-allaitement67.fr\/index.php?rest_route=\/wp\/v2\/types\/page"}],"author":[{"embeddable":true,"href":"https:\/\/action-allaitement67.fr\/index.php?rest_route=\/wp\/v2\/users\/1"}],"replies":[{"embeddable":true,"href":"https:\/\/action-allaitement67.fr\/index.php?rest_route=%2Fwp%2Fv2%2Fcomments&post=102"}],"version-history":[{"count":14,"href":"https:\/\/action-allaitement67.fr\/index.php?rest_route=\/wp\/v2\/pages\/102\/revisions"}],"predecessor-version":[{"id":1920,"href":"https:\/\/action-allaitement67.fr\/index.php?rest_route=\/wp\/v2\/pages\/102\/revisions\/1920"}],"wp:attachment":[{"href":"https:\/\/action-allaitement67.fr\/index.php?rest_route=%2Fwp%2Fv2%2Fmedia&parent=102"}],"curies":[{"name":"wp","href":"https:\/\/api.w.org\/{rel}","templated":true}]}}

<div class="art-content-layout layout-item-0">
<div class="art-content-layout-row">
<div class="art-layout-cell" style="width: 100%;">
<p><img decoding="async" loading="lazy" class="wp-image-191 alignleft" src="http://action-allaitement67.fr/wp-content/uploads/2017/08/logo-apa.jpg" alt="" width="183" height="248" /></p>
<p style="text-align: center;">
<p style="text-align: center;">Action pour l’Allaitement est une association</p>
<p style="text-align: center;">de droit local, sans but lucratif, fondée</p>
<p style="text-align: center;">en 1984, inscrite au Registre des</p>
<p style="text-align: center;">Associations du tribunal de Strasbourg.</p>
<p style="text-align: center;">L&rsquo;association est composée de bénévoles,</p>
<p style="text-align: center;">suivi une formation spécifique à l’allaitement</p>
<p style="text-align: center;">maternel.</p>
</div>
</div>
</div>

<p>Action pour l’Allaitement est une association de droit local, sans but lucratif, fondée en 1984, inscrite au Registre des Associations du tribunal de Strasbourg. L&rsquo;association est composée de bénévoles, suivi une formation spécifique à l’allaitement maternel.</p>
